{"id":297026,"date":"2025-06-03T16:44:37","date_gmt":"2025-06-03T14:44:37","guid":{"rendered":"https:\/\/www.voustenjeans.com\/jacob-cohen-j688-bard-grand-tour-vienna-3621-850d-39629-2\/"},"modified":"2026-02-05T13:47:25","modified_gmt":"2026-02-05T12:47:25","slug":"jacob-cohen-j688-bard-grand-tour-vienna-3621-850d-39629-2","status":"publish","type":"product","link":"https:\/\/www.voustenjeans.com\/fr\/jacob-cohen-j688-bard-grand-tour-vienna-3621-850d-39629-2\/","title":{"rendered":"Jacob Coh\u00ebn J688 (Bard) Grand Tour Vienna 3621 850D (39629)"},"content":{"rendered":"<p>La collection capsule Jacob Coh\u00ebn Grand Tour vous emm\u00e8ne partout dans le monde dans les villes les plus belles et les plus inspirantes. Ce jean bleu moyen vous emm\u00e8ne dans la ville de Vienne, avec le c\u00e9l\u00e8bre Prater en t\u00eate d&rsquo;affiche. Le Rouet, pour lequel Prater est connu, revient subtilement dans le patch, le bouton, l&rsquo;int\u00e9rieur et l&rsquo;\u00e9charpe de ce jean.<\/p>\n<p><em>Fabriquer un jean est une chose, raconter une histoire en est une autre !<\/em><\/p>\n<p>Ce sont des jeans modernes et ont une coupe slim avec un peu plus d&rsquo;espace pour les cuisses.<\/p>\n<ul>\n<li>Jean extensible<\/li>\n<li>Taille plus haute<\/li>\n<li>Fermeture boutonn\u00e9e<\/li>\n<li>Equip\u00e9 d&rsquo;un patch jaune avec un motif Vienne<\/li>\n<li>Composition : 81 % coton, 11 % lyocell, 6 % \u00e9lastomultiester, 2 % \u00e9lasthanne<\/li>\n<li>Largeur du pied : 18 cm<\/li>\n<li>Longueur de base : 35 pouces (peut varier l\u00e9g\u00e8rement selon le lavage)<\/li>\n<li>Ces jeans Jacob Cohen sont fabriqu\u00e9s \u00e0 la main en V\u00e9n\u00e9tie, dans le nord-est de l&rsquo;Italie.<\/li>\n<\/ul>\n<p>Fourni avec une \u00e9charpe assortie gratuite et du fil suppl\u00e9mentaire de la bonne couleur pour le raccourcissement.<\/p>\n","protected":false},"excerpt":{"rendered":"<p>La collection capsule Jacob Coh\u00ebn Grand Tour vous emm\u00e8ne partout dans le monde dans les villes les plus belles et les plus inspirantes. Ce jean bleu moyen vous emm\u00e8ne dans la ville de Vienne, avec le c\u00e9l\u00e8bre Prater en t\u00eate d&rsquo;affiche. Le Rouet, pour lequel Prater est connu, revient subtilement dans le patch, le bouton, [&#8230;]\n","protected":false},"featured_media":255719,"comment_status":"open","ping_status":"closed","template":"","meta":[],"product_cat":[1580,1642,1650,1663,1136,1428,1476],"product_tag":[],"acf":[],"yoast_head":"<!-- This site is optimized with the Yoast SEO plugin v22.3 - https:\/\/yoast.com\/wordpress\/plugins\/seo\/ -->\n<title>Jacob Coh\u00ebn J688 (Bard) Grand Tour Vienna 3621 850D (39629) - Vousten Jeans<\/title>\n<meta name=\"robots\" content=\"index, follow, max-snippet:-1, max-image-preview:large, max-video-preview:-1\" \/>\n<link rel=\"canonical\" href=\"https:\/\/www.voustenjeans.com\/fr\/jacob-cohen-j688-bard-grand-tour-vienna-3621-850d-39629-2\/\" \/>\n<meta property=\"og:locale\" content=\"fr_FR\" \/>\n<meta property=\"og:type\" content=\"article\" \/>\n<meta property=\"og:title\" content=\"Jacob Coh\u00ebn J688 (Bard) Grand Tour Vienna 3621 850D (39629) - Vousten Jeans\" \/>\n<meta property=\"og:description\" content=\"La collection capsule Jacob Coh\u00ebn Grand Tour vous emm\u00e8ne partout dans le monde dans les villes les plus belles et les plus inspirantes. Ce jean bleu moyen vous emm\u00e8ne dans la ville de Vienne, avec le c\u00e9l\u00e8bre Prater en t\u00eate d&rsquo;affiche. Le Rouet, pour lequel Prater est connu, revient subtilement dans le patch, le bouton, [...]\" \/>\n<meta property=\"og:url\" content=\"https:\/\/www.voustenjeans.com\/fr\/jacob-cohen-j688-bard-grand-tour-vienna-3621-850d-39629-2\/\" \/>\n<meta property=\"og:site_name\" content=\"Vousten Jeans\" \/>\n<meta property=\"article:modified_time\" content=\"2026-02-05T12:47:25+00:00\" \/>\n<meta property=\"og:image\" content=\"https:\/\/www.voustenjeans.com\/wp-content\/uploads\/2023\/06\/jacob_cohen_j688_bard_grand_tour_vienna_3621_850d_39629.jpg\" \/>\n\t<meta property=\"og:image:width\" content=\"800\" \/>\n\t<meta property=\"og:image:height\" content=\"2250\" \/>\n\t<meta property=\"og:image:type\" content=\"image\/jpeg\" \/>\n<meta name=\"twitter:card\" content=\"summary_large_image\" \/>\n<meta name=\"twitter:label1\" content=\"Est. reading time\" \/>\n\t<meta name=\"twitter:data1\" content=\"1 minute\" \/>\n<script type=\"application\/ld+json\" class=\"yoast-schema-graph\">{\"@context\":\"https:\/\/schema.org\",\"@graph\":[{\"@type\":\"WebPage\",\"@id\":\"https:\/\/www.voustenjeans.com\/fr\/jacob-cohen-j688-bard-grand-tour-vienna-3621-850d-39629-2\/\",\"url\":\"https:\/\/www.voustenjeans.com\/fr\/jacob-cohen-j688-bard-grand-tour-vienna-3621-850d-39629-2\/\",\"name\":\"Jacob Coh\u00ebn J688 (Bard) Grand Tour Vienna 3621 850D (39629) - Vousten Jeans\",\"isPartOf\":{\"@id\":\"https:\/\/www.voustenjeans.com\/en\/#website\"},\"primaryImageOfPage\":{\"@id\":\"https:\/\/www.voustenjeans.com\/fr\/jacob-cohen-j688-bard-grand-tour-vienna-3621-850d-39629-2\/#primaryimage\"},\"image\":{\"@id\":\"https:\/\/www.voustenjeans.com\/fr\/jacob-cohen-j688-bard-grand-tour-vienna-3621-850d-39629-2\/#primaryimage\"},\"thumbnailUrl\":\"https:\/\/www.voustenjeans.com\/wp-content\/uploads\/2023\/06\/jacob_cohen_j688_bard_grand_tour_vienna_3621_850d_39629.jpg\",\"datePublished\":\"2025-06-03T14:44:37+00:00\",\"dateModified\":\"2026-02-05T12:47:25+00:00\",\"breadcrumb\":{\"@id\":\"https:\/\/www.voustenjeans.com\/fr\/jacob-cohen-j688-bard-grand-tour-vienna-3621-850d-39629-2\/#breadcrumb\"},\"inLanguage\":\"fr-FR\",\"potentialAction\":[{\"@type\":\"ReadAction\",\"target\":[\"https:\/\/www.voustenjeans.com\/fr\/jacob-cohen-j688-bard-grand-tour-vienna-3621-850d-39629-2\/\"]}]},{\"@type\":\"ImageObject\",\"inLanguage\":\"fr-FR\",\"@id\":\"https:\/\/www.voustenjeans.com\/fr\/jacob-cohen-j688-bard-grand-tour-vienna-3621-850d-39629-2\/#primaryimage\",\"url\":\"https:\/\/www.voustenjeans.com\/wp-content\/uploads\/2023\/06\/jacob_cohen_j688_bard_grand_tour_vienna_3621_850d_39629.jpg\",\"contentUrl\":\"https:\/\/www.voustenjeans.com\/wp-content\/uploads\/2023\/06\/jacob_cohen_j688_bard_grand_tour_vienna_3621_850d_39629.jpg\",\"width\":800,\"height\":2250},{\"@type\":\"BreadcrumbList\",\"@id\":\"https:\/\/www.voustenjeans.com\/fr\/jacob-cohen-j688-bard-grand-tour-vienna-3621-850d-39629-2\/#breadcrumb\",\"itemListElement\":[{\"@type\":\"ListItem\",\"position\":1,\"name\":\"Home\",\"item\":\"https:\/\/www.voustenjeans.com\/fr\/\"},{\"@type\":\"ListItem\",\"position\":2,\"name\":\"Boutique\",\"item\":\"https:\/\/www.voustenjeans.com\/fr\/shop\/\"},{\"@type\":\"ListItem\",\"position\":3,\"name\":\"Jacob Coh\u00ebn J688 (Bard) Grand Tour Vienna 3621 850D (39629)\"}]},{\"@type\":\"WebSite\",\"@id\":\"https:\/\/www.voustenjeans.com\/en\/#website\",\"url\":\"https:\/\/www.voustenjeans.com\/en\/\",\"name\":\"Vousten Jeans\",\"description\":\"\",\"potentialAction\":[{\"@type\":\"SearchAction\",\"target\":{\"@type\":\"EntryPoint\",\"urlTemplate\":\"https:\/\/www.voustenjeans.com\/en\/?s={search_term_string}\"},\"query-input\":\"required name=search_term_string\"}],\"inLanguage\":\"fr-FR\"}]}<\/script>\n<!-- \/ Yoast SEO plugin. -->","yoast_head_json":{"title":"Jacob Coh\u00ebn J688 (Bard) Grand Tour Vienna 3621 850D (39629) - Vousten Jeans","robots":{"index":"index","follow":"follow","max-snippet":"max-snippet:-1","max-image-preview":"max-image-preview:large","max-video-preview":"max-video-preview:-1"},"canonical":"https:\/\/www.voustenjeans.com\/fr\/jacob-cohen-j688-bard-grand-tour-vienna-3621-850d-39629-2\/","og_locale":"fr_FR","og_type":"article","og_title":"Jacob Coh\u00ebn J688 (Bard) Grand Tour Vienna 3621 850D (39629) - Vousten Jeans","og_description":"La collection capsule Jacob Coh\u00ebn Grand Tour vous emm\u00e8ne partout dans le monde dans les villes les plus belles et les plus inspirantes. Ce jean bleu moyen vous emm\u00e8ne dans la ville de Vienne, avec le c\u00e9l\u00e8bre Prater en t\u00eate d&rsquo;affiche. Le Rouet, pour lequel Prater est connu, revient subtilement dans le patch, le bouton, [...]","og_url":"https:\/\/www.voustenjeans.com\/fr\/jacob-cohen-j688-bard-grand-tour-vienna-3621-850d-39629-2\/","og_site_name":"Vousten Jeans","article_modified_time":"2026-02-05T12:47:25+00:00","og_image":[{"width":800,"height":2250,"url":"https:\/\/www.voustenjeans.com\/wp-content\/uploads\/2023\/06\/jacob_cohen_j688_bard_grand_tour_vienna_3621_850d_39629.jpg","type":"image\/jpeg"}],"twitter_card":"summary_large_image","twitter_misc":{"Est. reading time":"1 minute"},"schema":{"@context":"https:\/\/schema.org","@graph":[{"@type":"WebPage","@id":"https:\/\/www.voustenjeans.com\/fr\/jacob-cohen-j688-bard-grand-tour-vienna-3621-850d-39629-2\/","url":"https:\/\/www.voustenjeans.com\/fr\/jacob-cohen-j688-bard-grand-tour-vienna-3621-850d-39629-2\/","name":"Jacob Coh\u00ebn J688 (Bard) Grand Tour Vienna 3621 850D (39629) - Vousten Jeans","isPartOf":{"@id":"https:\/\/www.voustenjeans.com\/en\/#website"},"primaryImageOfPage":{"@id":"https:\/\/www.voustenjeans.com\/fr\/jacob-cohen-j688-bard-grand-tour-vienna-3621-850d-39629-2\/#primaryimage"},"image":{"@id":"https:\/\/www.voustenjeans.com\/fr\/jacob-cohen-j688-bard-grand-tour-vienna-3621-850d-39629-2\/#primaryimage"},"thumbnailUrl":"https:\/\/www.voustenjeans.com\/wp-content\/uploads\/2023\/06\/jacob_cohen_j688_bard_grand_tour_vienna_3621_850d_39629.jpg","datePublished":"2025-06-03T14:44:37+00:00","dateModified":"2026-02-05T12:47:25+00:00","breadcrumb":{"@id":"https:\/\/www.voustenjeans.com\/fr\/jacob-cohen-j688-bard-grand-tour-vienna-3621-850d-39629-2\/#breadcrumb"},"inLanguage":"fr-FR","potentialAction":[{"@type":"ReadAction","target":["https:\/\/www.voustenjeans.com\/fr\/jacob-cohen-j688-bard-grand-tour-vienna-3621-850d-39629-2\/"]}]},{"@type":"ImageObject","inLanguage":"fr-FR","@id":"https:\/\/www.voustenjeans.com\/fr\/jacob-cohen-j688-bard-grand-tour-vienna-3621-850d-39629-2\/#primaryimage","url":"https:\/\/www.voustenjeans.com\/wp-content\/uploads\/2023\/06\/jacob_cohen_j688_bard_grand_tour_vienna_3621_850d_39629.jpg","contentUrl":"https:\/\/www.voustenjeans.com\/wp-content\/uploads\/2023\/06\/jacob_cohen_j688_bard_grand_tour_vienna_3621_850d_39629.jpg","width":800,"height":2250},{"@type":"BreadcrumbList","@id":"https:\/\/www.voustenjeans.com\/fr\/jacob-cohen-j688-bard-grand-tour-vienna-3621-850d-39629-2\/#breadcrumb","itemListElement":[{"@type":"ListItem","position":1,"name":"Home","item":"https:\/\/www.voustenjeans.com\/fr\/"},{"@type":"ListItem","position":2,"name":"Boutique","item":"https:\/\/www.voustenjeans.com\/fr\/shop\/"},{"@type":"ListItem","position":3,"name":"Jacob Coh\u00ebn J688 (Bard) Grand Tour Vienna 3621 850D (39629)"}]},{"@type":"WebSite","@id":"https:\/\/www.voustenjeans.com\/en\/#website","url":"https:\/\/www.voustenjeans.com\/en\/","name":"Vousten Jeans","description":"","potentialAction":[{"@type":"SearchAction","target":{"@type":"EntryPoint","urlTemplate":"https:\/\/www.voustenjeans.com\/en\/?s={search_term_string}"},"query-input":"required name=search_term_string"}],"inLanguage":"fr-FR"}]}},"_links":{"self":[{"href":"https:\/\/www.voustenjeans.com\/fr\/wp-json\/wp\/v2\/product\/297026"}],"collection":[{"href":"https:\/\/www.voustenjeans.com\/fr\/wp-json\/wp\/v2\/product"}],"about":[{"href":"https:\/\/www.voustenjeans.com\/fr\/wp-json\/wp\/v2\/types\/product"}],"replies":[{"embeddable":true,"href":"https:\/\/www.voustenjeans.com\/fr\/wp-json\/wp\/v2\/comments?post=297026"}],"wp:featuredmedia":[{"embeddable":true,"href":"https:\/\/www.voustenjeans.com\/fr\/wp-json\/wp\/v2\/media\/255719"}],"wp:attachment":[{"href":"https:\/\/www.voustenjeans.com\/fr\/wp-json\/wp\/v2\/media?parent=297026"}],"wp:term":[{"taxonomy":"product_cat","embeddable":true,"href":"https:\/\/www.voustenjeans.com\/fr\/wp-json\/wp\/v2\/product_cat?post=297026"},{"taxonomy":"product_tag","embeddable":true,"href":"https:\/\/www.voustenjeans.com\/fr\/wp-json\/wp\/v2\/product_tag?post=297026"}],"curies":[{"name":"wp","href":"https:\/\/api.w.org\/{rel}","templated":true}]}}

Jacob Cohën J688 (Bard) Grand Tour Vienna 3621 850D (39629)

<p>La collection capsule Jacob Cohën Grand Tour vous emmène partout dans le monde dans les villes les plus belles et les plus inspirantes. Ce jean bleu moyen vous emmène dans la ville de Vienne, avec le célèbre Prater en tête d&rsquo;affiche. Le Rouet, pour lequel Prater est connu, revient subtilement dans le patch, le bouton, l&rsquo;intérieur et l&rsquo;écharpe de ce jean.</p>
<p><em>Fabriquer un jean est une chose, raconter une histoire en est une autre !</em></p>
<p>Ce sont des jeans modernes et ont une coupe slim avec un peu plus d&rsquo;espace pour les cuisses.</p>
<ul>
<li>Jean extensible</li>
<li>Taille plus haute</li>
<li>Fermeture boutonnée</li>
<li>Equipé d&rsquo;un patch jaune avec un motif Vienne</li>
<li>Composition : 81 % coton, 11 % lyocell, 6 % élastomultiester, 2 % élasthanne</li>
<li>Largeur du pied : 18 cm</li>
<li>Longueur de base : 35 pouces (peut varier légèrement selon le lavage)</li>
<li>Ces jeans Jacob Cohen sont fabriqués à la main en Vénétie, dans le nord-est de l&rsquo;Italie.</li>
</ul>
<p>Fourni avec une écharpe assortie gratuite et du fil supplémentaire de la bonne couleur pour le raccourcissement.</p>

<p>La collection capsule Jacob Cohën Grand Tour vous emmène partout dans le monde dans les villes les plus belles et les plus inspirantes. Ce jean bleu moyen vous emmène dans la ville de Vienne, avec le célèbre Prater en tête d&rsquo;affiche. Le Rouet, pour lequel Prater est connu, revient subtilement dans le patch, le bouton, [&#8230;]

<!-- This site is optimized with the Yoast SEO plugin v22.3 - https://yoast.com/wordpress/plugins/seo/ -->
<title>Jacob Cohën J688 (Bard) Grand Tour Vienna 3621 850D (39629) - Vousten Jeans</title>
<meta name="robots" content="index, follow, max-snippet:-1, max-image-preview:large, max-video-preview:-1" />
<link rel="canonical" href="https://www.voustenjeans.com/fr/jacob-cohen-j688-bard-grand-tour-vienna-3621-850d-39629-2/" />
<meta property="og:locale" content="fr_FR" />
<meta property="og:type" content="article" />
<meta property="og:title" content="Jacob Cohën J688 (Bard) Grand Tour Vienna 3621 850D (39629) - Vousten Jeans" />
<meta property="og:description" content="La collection capsule Jacob Cohën Grand Tour vous emmène partout dans le monde dans les villes les plus belles et les plus inspirantes. Ce jean bleu moyen vous emmène dans la ville de Vienne, avec le célèbre Prater en tête d&rsquo;affiche. Le Rouet, pour lequel Prater est connu, revient subtilement dans le patch, le bouton, [...]" />
<meta property="og:url" content="https://www.voustenjeans.com/fr/jacob-cohen-j688-bard-grand-tour-vienna-3621-850d-39629-2/" />
<meta property="og:site_name" content="Vousten Jeans" />
<meta property="article:modified_time" content="2026-02-05T12:47:25+00:00" />
<meta property="og:image" content="https://www.voustenjeans.com/wp-content/uploads/2023/06/jacob_cohen_j688_bard_grand_tour_vienna_3621_850d_39629.jpg" />
	<meta property="og:image:width" content="800" />
	<meta property="og:image:height" content="2250" />
	<meta property="og:image:type" content="image/jpeg" />
<meta name="twitter:card" content="summary_large_image" />
<meta name="twitter:label1" content="Est. reading time" />
	<meta name="twitter:data1" content="1 minute" />
<script type="application/ld+json" class="yoast-schema-graph">{"@context":"https://schema.org","@graph":[{"@type":"WebPage","@id":"https://www.voustenjeans.com/fr/jacob-cohen-j688-bard-grand-tour-vienna-3621-850d-39629-2/","url":"https://www.voustenjeans.com/fr/jacob-cohen-j688-bard-grand-tour-vienna-3621-850d-39629-2/","name":"Jacob Cohën J688 (Bard) Grand Tour Vienna 3621 850D (39629) - Vousten Jeans","isPartOf":{"@id":"https://www.voustenjeans.com/en/#website"},"primaryImageOfPage":{"@id":"https://www.voustenjeans.com/fr/jacob-cohen-j688-bard-grand-tour-vienna-3621-850d-39629-2/#primaryimage"},"image":{"@id":"https://www.voustenjeans.com/fr/jacob-cohen-j688-bard-grand-tour-vienna-3621-850d-39629-2/#primaryimage"},"thumbnailUrl":"https://www.voustenjeans.com/wp-content/uploads/2023/06/jacob_cohen_j688_bard_grand_tour_vienna_3621_850d_39629.jpg","datePublished":"2025-06-03T14:44:37+00:00","dateModified":"2026-02-05T12:47:25+00:00","breadcrumb":{"@id":"https://www.voustenjeans.com/fr/jacob-cohen-j688-bard-grand-tour-vienna-3621-850d-39629-2/#breadcrumb"},"inLanguage":"fr-FR","potentialAction":[{"@type":"ReadAction","target":["https://www.voustenjeans.com/fr/jacob-cohen-j688-bard-grand-tour-vienna-3621-850d-39629-2/"]}]},{"@type":"ImageObject","inLanguage":"fr-FR","@id":"https://www.voustenjeans.com/fr/jacob-cohen-j688-bard-grand-tour-vienna-3621-850d-39629-2/#primaryimage","url":"https://www.voustenjeans.com/wp-content/uploads/2023/06/jacob_cohen_j688_bard_grand_tour_vienna_3621_850d_39629.jpg","contentUrl":"https://www.voustenjeans.com/wp-content/uploads/2023/06/jacob_cohen_j688_bard_grand_tour_vienna_3621_850d_39629.jpg","width":800,"height":2250},{"@type":"BreadcrumbList","@id":"https://www.voustenjeans.com/fr/jacob-cohen-j688-bard-grand-tour-vienna-3621-850d-39629-2/#breadcrumb","itemListElement":[{"@type":"ListItem","position":1,"name":"Home","item":"https://www.voustenjeans.com/fr/"},{"@type":"ListItem","position":2,"name":"Boutique","item":"https://www.voustenjeans.com/fr/shop/"},{"@type":"ListItem","position":3,"name":"Jacob Cohën J688 (Bard) Grand Tour Vienna 3621 850D (39629)"}]},{"@type":"WebSite","@id":"https://www.voustenjeans.com/en/#website","url":"https://www.voustenjeans.com/en/","name":"Vousten Jeans","description":"","potentialAction":[{"@type":"SearchAction","target":{"@type":"EntryPoint","urlTemplate":"https://www.voustenjeans.com/en/?s={search_term_string}"},"query-input":"required name=search_term_string"}],"inLanguage":"fr-FR"}]}</script>
<!-- / Yoast SEO plugin. -->

Jacob Cohën J688 (Bard) Grand Tour Vienna 3621 850D (39629) - Vousten Jeans

La collection capsule Jacob Cohën Grand Tour vous emmène partout dans le monde dans les villes les plus belles et les plus inspirantes. Ce jean bleu moyen vous emmène dans la ville de Vienne, avec le célèbre Prater en tête d&rsquo;affiche. Le Rouet, pour lequel Prater est connu, revient subtilement dans le patch, le bouton, [...]
