{"id":305332,"date":"2025-06-09T16:38:39","date_gmt":"2025-06-09T14:38:39","guid":{"rendered":"https:\/\/www.voustenjeans.com\/jacob-cohen-andrea-38485-2\/"},"modified":"2025-10-04T23:42:11","modified_gmt":"2025-10-04T21:42:11","slug":"jacob-cohen-andrea-38485-2","status":"publish","type":"product","link":"https:\/\/www.voustenjeans.com\/de\/jacob-cohen-andrea-38485-2\/","title":{"rendered":"Jacob Cohen Andrea (38485)"},"content":{"rendered":"<p>EINZELHEITEN<\/p>\n<ul>\n<li>Andrea-Hose mit entspannter Passform<\/li>\n<li>Hellblauer Comfort-Baumwoll-Denim<\/li>\n<li>G\u00fcrtelschlaufen<\/li>\n<li>breites Bein<\/li>\n<li>Geb\u00fcgelte Beinfalte<\/li>\n<li>Schr\u00e4ge Taschen an den Seiten<\/li>\n<li>Eine Leistentasche hinten<\/li>\n<li>Knopf- und Rei\u00dfverschluss<\/li>\n<li>Logo-Knopf mit spezieller Form und silberfarbenem Finish<\/li>\n<li>Auf der inneren Knopfleiste sind der Stilname und das Zitat des Gr\u00fcnders aufgestickt<\/li>\n<li>wei\u00dfer Aufn\u00e4her auf der R\u00fcckseite mit Metalllogo<\/li>\n<li>Parf\u00fcmiert mit dem charakteristischen Duft von Jacob Coh\u00ebn<\/li>\n<\/ul>\n<p>HERGESTELLT IN ITALIEN<\/p>\n<p>Komposition:<br \/>\n100% Baumwolle<\/p>\n","protected":false},"excerpt":{"rendered":"<p>EINZELHEITEN Andrea-Hose mit entspannter Passform Hellblauer Comfort-Baumwoll-Denim G\u00fcrtelschlaufen breites Bein Geb\u00fcgelte Beinfalte Schr\u00e4ge Taschen an den Seiten Eine Leistentasche hinten Knopf- und Rei\u00dfverschluss Logo-Knopf mit spezieller Form und silberfarbenem Finish Auf der inneren Knopfleiste sind der Stilname und das Zitat des Gr\u00fcnders aufgestickt wei\u00dfer Aufn\u00e4her auf der R\u00fcckseite mit Metalllogo Parf\u00fcmiert mit dem charakteristischen Duft [&#8230;]\n","protected":false},"featured_media":305294,"comment_status":"open","ping_status":"closed","template":"","meta":[],"product_cat":[1139,1461,1477,1581,1643,1651],"product_tag":[],"acf":[],"yoast_head":"<!-- This site is optimized with the Yoast SEO plugin v22.3 - https:\/\/yoast.com\/wordpress\/plugins\/seo\/ -->\n<title>Jacob Cohen Andrea (38485) - Vousten Jeans<\/title>\n<meta name=\"robots\" content=\"index, follow, max-snippet:-1, max-image-preview:large, max-video-preview:-1\" \/>\n<link rel=\"canonical\" href=\"https:\/\/www.voustenjeans.com\/de\/jacob-cohen-andrea-38485-2\/\" \/>\n<meta property=\"og:locale\" content=\"de_DE\" \/>\n<meta property=\"og:type\" content=\"article\" \/>\n<meta property=\"og:title\" content=\"Jacob Cohen Andrea (38485) - Vousten Jeans\" \/>\n<meta property=\"og:description\" content=\"EINZELHEITEN Andrea-Hose mit entspannter Passform Hellblauer Comfort-Baumwoll-Denim G\u00fcrtelschlaufen breites Bein Geb\u00fcgelte Beinfalte Schr\u00e4ge Taschen an den Seiten Eine Leistentasche hinten Knopf- und Rei\u00dfverschluss Logo-Knopf mit spezieller Form und silberfarbenem Finish Auf der inneren Knopfleiste sind der Stilname und das Zitat des Gr\u00fcnders aufgestickt wei\u00dfer Aufn\u00e4her auf der R\u00fcckseite mit Metalllogo Parf\u00fcmiert mit dem charakteristischen Duft [...]\" \/>\n<meta property=\"og:url\" content=\"https:\/\/www.voustenjeans.com\/de\/jacob-cohen-andrea-38485-2\/\" \/>\n<meta property=\"og:site_name\" content=\"Vousten Jeans\" \/>\n<meta property=\"article:modified_time\" content=\"2025-10-04T21:42:11+00:00\" \/>\n<meta property=\"og:image\" content=\"https:\/\/www.voustenjeans.com\/wp-content\/uploads\/2023\/06\/jacob_cohen_andrea_38485_1.jpg\" \/>\n\t<meta property=\"og:image:width\" content=\"1365\" \/>\n\t<meta property=\"og:image:height\" content=\"2048\" \/>\n\t<meta property=\"og:image:type\" content=\"image\/jpeg\" \/>\n<meta name=\"twitter:card\" content=\"summary_large_image\" \/>\n<script type=\"application\/ld+json\" class=\"yoast-schema-graph\">{\"@context\":\"https:\/\/schema.org\",\"@graph\":[{\"@type\":\"WebPage\",\"@id\":\"https:\/\/www.voustenjeans.com\/de\/jacob-cohen-andrea-38485-2\/\",\"url\":\"https:\/\/www.voustenjeans.com\/de\/jacob-cohen-andrea-38485-2\/\",\"name\":\"Jacob Cohen Andrea (38485) - Vousten Jeans\",\"isPartOf\":{\"@id\":\"https:\/\/www.voustenjeans.com\/en\/#website\"},\"primaryImageOfPage\":{\"@id\":\"https:\/\/www.voustenjeans.com\/de\/jacob-cohen-andrea-38485-2\/#primaryimage\"},\"image\":{\"@id\":\"https:\/\/www.voustenjeans.com\/de\/jacob-cohen-andrea-38485-2\/#primaryimage\"},\"thumbnailUrl\":\"https:\/\/www.voustenjeans.com\/wp-content\/uploads\/2023\/06\/jacob_cohen_andrea_38485_1.jpg\",\"datePublished\":\"2025-06-09T14:38:39+00:00\",\"dateModified\":\"2025-10-04T21:42:11+00:00\",\"breadcrumb\":{\"@id\":\"https:\/\/www.voustenjeans.com\/de\/jacob-cohen-andrea-38485-2\/#breadcrumb\"},\"inLanguage\":\"de-DE\",\"potentialAction\":[{\"@type\":\"ReadAction\",\"target\":[\"https:\/\/www.voustenjeans.com\/de\/jacob-cohen-andrea-38485-2\/\"]}]},{\"@type\":\"ImageObject\",\"inLanguage\":\"de-DE\",\"@id\":\"https:\/\/www.voustenjeans.com\/de\/jacob-cohen-andrea-38485-2\/#primaryimage\",\"url\":\"https:\/\/www.voustenjeans.com\/wp-content\/uploads\/2023\/06\/jacob_cohen_andrea_38485_1.jpg\",\"contentUrl\":\"https:\/\/www.voustenjeans.com\/wp-content\/uploads\/2023\/06\/jacob_cohen_andrea_38485_1.jpg\",\"width\":1365,\"height\":2048},{\"@type\":\"BreadcrumbList\",\"@id\":\"https:\/\/www.voustenjeans.com\/de\/jacob-cohen-andrea-38485-2\/#breadcrumb\",\"itemListElement\":[{\"@type\":\"ListItem\",\"position\":1,\"name\":\"Home\",\"item\":\"https:\/\/www.voustenjeans.com\/de\/\"},{\"@type\":\"ListItem\",\"position\":2,\"name\":\"Shop\",\"item\":\"https:\/\/www.voustenjeans.com\/de\/shop\/\"},{\"@type\":\"ListItem\",\"position\":3,\"name\":\"Jacob Cohen Andrea (38485)\"}]},{\"@type\":\"WebSite\",\"@id\":\"https:\/\/www.voustenjeans.com\/en\/#website\",\"url\":\"https:\/\/www.voustenjeans.com\/en\/\",\"name\":\"Vousten Jeans\",\"description\":\"\",\"potentialAction\":[{\"@type\":\"SearchAction\",\"target\":{\"@type\":\"EntryPoint\",\"urlTemplate\":\"https:\/\/www.voustenjeans.com\/en\/?s={search_term_string}\"},\"query-input\":\"required name=search_term_string\"}],\"inLanguage\":\"de-DE\"}]}<\/script>\n<!-- \/ Yoast SEO plugin. -->","yoast_head_json":{"title":"Jacob Cohen Andrea (38485) - Vousten Jeans","robots":{"index":"index","follow":"follow","max-snippet":"max-snippet:-1","max-image-preview":"max-image-preview:large","max-video-preview":"max-video-preview:-1"},"canonical":"https:\/\/www.voustenjeans.com\/de\/jacob-cohen-andrea-38485-2\/","og_locale":"de_DE","og_type":"article","og_title":"Jacob Cohen Andrea (38485) - Vousten Jeans","og_description":"EINZELHEITEN Andrea-Hose mit entspannter Passform Hellblauer Comfort-Baumwoll-Denim G\u00fcrtelschlaufen breites Bein Geb\u00fcgelte Beinfalte Schr\u00e4ge Taschen an den Seiten Eine Leistentasche hinten Knopf- und Rei\u00dfverschluss Logo-Knopf mit spezieller Form und silberfarbenem Finish Auf der inneren Knopfleiste sind der Stilname und das Zitat des Gr\u00fcnders aufgestickt wei\u00dfer Aufn\u00e4her auf der R\u00fcckseite mit Metalllogo Parf\u00fcmiert mit dem charakteristischen Duft [...]","og_url":"https:\/\/www.voustenjeans.com\/de\/jacob-cohen-andrea-38485-2\/","og_site_name":"Vousten Jeans","article_modified_time":"2025-10-04T21:42:11+00:00","og_image":[{"width":1365,"height":2048,"url":"https:\/\/www.voustenjeans.com\/wp-content\/uploads\/2023\/06\/jacob_cohen_andrea_38485_1.jpg","type":"image\/jpeg"}],"twitter_card":"summary_large_image","schema":{"@context":"https:\/\/schema.org","@graph":[{"@type":"WebPage","@id":"https:\/\/www.voustenjeans.com\/de\/jacob-cohen-andrea-38485-2\/","url":"https:\/\/www.voustenjeans.com\/de\/jacob-cohen-andrea-38485-2\/","name":"Jacob Cohen Andrea (38485) - Vousten Jeans","isPartOf":{"@id":"https:\/\/www.voustenjeans.com\/en\/#website"},"primaryImageOfPage":{"@id":"https:\/\/www.voustenjeans.com\/de\/jacob-cohen-andrea-38485-2\/#primaryimage"},"image":{"@id":"https:\/\/www.voustenjeans.com\/de\/jacob-cohen-andrea-38485-2\/#primaryimage"},"thumbnailUrl":"https:\/\/www.voustenjeans.com\/wp-content\/uploads\/2023\/06\/jacob_cohen_andrea_38485_1.jpg","datePublished":"2025-06-09T14:38:39+00:00","dateModified":"2025-10-04T21:42:11+00:00","breadcrumb":{"@id":"https:\/\/www.voustenjeans.com\/de\/jacob-cohen-andrea-38485-2\/#breadcrumb"},"inLanguage":"de-DE","potentialAction":[{"@type":"ReadAction","target":["https:\/\/www.voustenjeans.com\/de\/jacob-cohen-andrea-38485-2\/"]}]},{"@type":"ImageObject","inLanguage":"de-DE","@id":"https:\/\/www.voustenjeans.com\/de\/jacob-cohen-andrea-38485-2\/#primaryimage","url":"https:\/\/www.voustenjeans.com\/wp-content\/uploads\/2023\/06\/jacob_cohen_andrea_38485_1.jpg","contentUrl":"https:\/\/www.voustenjeans.com\/wp-content\/uploads\/2023\/06\/jacob_cohen_andrea_38485_1.jpg","width":1365,"height":2048},{"@type":"BreadcrumbList","@id":"https:\/\/www.voustenjeans.com\/de\/jacob-cohen-andrea-38485-2\/#breadcrumb","itemListElement":[{"@type":"ListItem","position":1,"name":"Home","item":"https:\/\/www.voustenjeans.com\/de\/"},{"@type":"ListItem","position":2,"name":"Shop","item":"https:\/\/www.voustenjeans.com\/de\/shop\/"},{"@type":"ListItem","position":3,"name":"Jacob Cohen Andrea (38485)"}]},{"@type":"WebSite","@id":"https:\/\/www.voustenjeans.com\/en\/#website","url":"https:\/\/www.voustenjeans.com\/en\/","name":"Vousten Jeans","description":"","potentialAction":[{"@type":"SearchAction","target":{"@type":"EntryPoint","urlTemplate":"https:\/\/www.voustenjeans.com\/en\/?s={search_term_string}"},"query-input":"required name=search_term_string"}],"inLanguage":"de-DE"}]}},"_links":{"self":[{"href":"https:\/\/www.voustenjeans.com\/de\/wp-json\/wp\/v2\/product\/305332"}],"collection":[{"href":"https:\/\/www.voustenjeans.com\/de\/wp-json\/wp\/v2\/product"}],"about":[{"href":"https:\/\/www.voustenjeans.com\/de\/wp-json\/wp\/v2\/types\/product"}],"replies":[{"embeddable":true,"href":"https:\/\/www.voustenjeans.com\/de\/wp-json\/wp\/v2\/comments?post=305332"}],"wp:featuredmedia":[{"embeddable":true,"href":"https:\/\/www.voustenjeans.com\/de\/wp-json\/wp\/v2\/media\/305294"}],"wp:attachment":[{"href":"https:\/\/www.voustenjeans.com\/de\/wp-json\/wp\/v2\/media?parent=305332"}],"wp:term":[{"taxonomy":"product_cat","embeddable":true,"href":"https:\/\/www.voustenjeans.com\/de\/wp-json\/wp\/v2\/product_cat?post=305332"},{"taxonomy":"product_tag","embeddable":true,"href":"https:\/\/www.voustenjeans.com\/de\/wp-json\/wp\/v2\/product_tag?post=305332"}],"curies":[{"name":"wp","href":"https:\/\/api.w.org\/{rel}","templated":true}]}}

<p>EINZELHEITEN</p>
<ul>
<li>Andrea-Hose mit entspannter Passform</li>
<li>Hellblauer Comfort-Baumwoll-Denim</li>
<li>Gürtelschlaufen</li>
<li>breites Bein</li>
<li>Gebügelte Beinfalte</li>
<li>Schräge Taschen an den Seiten</li>
<li>Eine Leistentasche hinten</li>
<li>Knopf- und Reißverschluss</li>
<li>Logo-Knopf mit spezieller Form und silberfarbenem Finish</li>
<li>Auf der inneren Knopfleiste sind der Stilname und das Zitat des Gründers aufgestickt</li>
<li>weißer Aufnäher auf der Rückseite mit Metalllogo</li>
<li>Parfümiert mit dem charakteristischen Duft von Jacob Cohën</li>
</ul>
<p>HERGESTELLT IN ITALIEN</p>
<p>Komposition:<br />
100% Baumwolle</p>

<p>EINZELHEITEN Andrea-Hose mit entspannter Passform Hellblauer Comfort-Baumwoll-Denim Gürtelschlaufen breites Bein Gebügelte Beinfalte Schräge Taschen an den Seiten Eine Leistentasche hinten Knopf- und Reißverschluss Logo-Knopf mit spezieller Form und silberfarbenem Finish Auf der inneren Knopfleiste sind der Stilname und das Zitat des Gründers aufgestickt weißer Aufnäher auf der Rückseite mit Metalllogo Parfümiert mit dem charakteristischen Duft [&#8230;]

<!-- This site is optimized with the Yoast SEO plugin v22.3 - https://yoast.com/wordpress/plugins/seo/ -->
<title>Jacob Cohen Andrea (38485) - Vousten Jeans</title>
<meta name="robots" content="index, follow, max-snippet:-1, max-image-preview:large, max-video-preview:-1" />
<link rel="canonical" href="https://www.voustenjeans.com/de/jacob-cohen-andrea-38485-2/" />
<meta property="og:locale" content="de_DE" />
<meta property="og:type" content="article" />
<meta property="og:title" content="Jacob Cohen Andrea (38485) - Vousten Jeans" />
<meta property="og:description" content="EINZELHEITEN Andrea-Hose mit entspannter Passform Hellblauer Comfort-Baumwoll-Denim Gürtelschlaufen breites Bein Gebügelte Beinfalte Schräge Taschen an den Seiten Eine Leistentasche hinten Knopf- und Reißverschluss Logo-Knopf mit spezieller Form und silberfarbenem Finish Auf der inneren Knopfleiste sind der Stilname und das Zitat des Gründers aufgestickt weißer Aufnäher auf der Rückseite mit Metalllogo Parfümiert mit dem charakteristischen Duft [...]" />
<meta property="og:url" content="https://www.voustenjeans.com/de/jacob-cohen-andrea-38485-2/" />
<meta property="og:site_name" content="Vousten Jeans" />
<meta property="article:modified_time" content="2025-10-04T21:42:11+00:00" />
<meta property="og:image" content="https://www.voustenjeans.com/wp-content/uploads/2023/06/jacob_cohen_andrea_38485_1.jpg" />
	<meta property="og:image:width" content="1365" />
	<meta property="og:image:height" content="2048" />
	<meta property="og:image:type" content="image/jpeg" />
<meta name="twitter:card" content="summary_large_image" />
<script type="application/ld+json" class="yoast-schema-graph">{"@context":"https://schema.org","@graph":[{"@type":"WebPage","@id":"https://www.voustenjeans.com/de/jacob-cohen-andrea-38485-2/","url":"https://www.voustenjeans.com/de/jacob-cohen-andrea-38485-2/","name":"Jacob Cohen Andrea (38485) - Vousten Jeans","isPartOf":{"@id":"https://www.voustenjeans.com/en/#website"},"primaryImageOfPage":{"@id":"https://www.voustenjeans.com/de/jacob-cohen-andrea-38485-2/#primaryimage"},"image":{"@id":"https://www.voustenjeans.com/de/jacob-cohen-andrea-38485-2/#primaryimage"},"thumbnailUrl":"https://www.voustenjeans.com/wp-content/uploads/2023/06/jacob_cohen_andrea_38485_1.jpg","datePublished":"2025-06-09T14:38:39+00:00","dateModified":"2025-10-04T21:42:11+00:00","breadcrumb":{"@id":"https://www.voustenjeans.com/de/jacob-cohen-andrea-38485-2/#breadcrumb"},"inLanguage":"de-DE","potentialAction":[{"@type":"ReadAction","target":["https://www.voustenjeans.com/de/jacob-cohen-andrea-38485-2/"]}]},{"@type":"ImageObject","inLanguage":"de-DE","@id":"https://www.voustenjeans.com/de/jacob-cohen-andrea-38485-2/#primaryimage","url":"https://www.voustenjeans.com/wp-content/uploads/2023/06/jacob_cohen_andrea_38485_1.jpg","contentUrl":"https://www.voustenjeans.com/wp-content/uploads/2023/06/jacob_cohen_andrea_38485_1.jpg","width":1365,"height":2048},{"@type":"BreadcrumbList","@id":"https://www.voustenjeans.com/de/jacob-cohen-andrea-38485-2/#breadcrumb","itemListElement":[{"@type":"ListItem","position":1,"name":"Home","item":"https://www.voustenjeans.com/de/"},{"@type":"ListItem","position":2,"name":"Shop","item":"https://www.voustenjeans.com/de/shop/"},{"@type":"ListItem","position":3,"name":"Jacob Cohen Andrea (38485)"}]},{"@type":"WebSite","@id":"https://www.voustenjeans.com/en/#website","url":"https://www.voustenjeans.com/en/","name":"Vousten Jeans","description":"","potentialAction":[{"@type":"SearchAction","target":{"@type":"EntryPoint","urlTemplate":"https://www.voustenjeans.com/en/?s={search_term_string}"},"query-input":"required name=search_term_string"}],"inLanguage":"de-DE"}]}</script>
<!-- / Yoast SEO plugin. -->

EINZELHEITEN Andrea-Hose mit entspannter Passform Hellblauer Comfort-Baumwoll-Denim Gürtelschlaufen breites Bein Gebügelte Beinfalte Schräge Taschen an den Seiten Eine Leistentasche hinten Knopf- und Reißverschluss Logo-Knopf mit spezieller Form und silberfarbenem Finish Auf der inneren Knopfleiste sind der Stilname und das Zitat des Gründers aufgestickt weißer Aufnäher auf der Rückseite mit Metalllogo Parfümiert mit dem charakteristischen Duft [...]
